s the units digit of l?
7
Suppose -15252 = 22*v - 70934. What is the units digit of v?
1
Let t = 11 - -1. Suppose 3*z - t = z. Suppose -z - 28 = -2*u. What is the units digit of u?
7
What is the units digit of 20 + (46 - -2)/6?
8
Let y be 295/20 - 1/(-4). Suppose 6*v - 11*v + y = 0. What is the units digit of v?
3
Let q = 7 + -2. Suppose 0 = l + q*t - 30, -3*l - 34 = -4*l - 3*t. What is the tens digit of l?
4
Let y be (-171)/6*(-8)/6. Let d = y - 4. What is the tens digit of d?
3
Let p = -114 + 2003. What is the hundreds digit of p?
8
Suppose -1039 = -o + 2*g, -g = -2*o - 241 + 2334. What is the hundreds digit of o?
0
Let q = 732 + -300. What is the units digit of q?
2
Let p = -49 - -49. Suppose -4*q + 8 = -8*q. What is the units digit of 1/q*(-54 + p)?
7
Let u be (-44)/(-16) - (-1 + 9/12). Let f(v) = 78*v - 9. What is the tens digit of f(u)?
2
Suppose 18*m - 4978 = 224. What is the units digit of m?
9
What is the units digit of 6*(-24)/18 - -1005?
7
Let k(f) = 9*f**2 - 4 + 6*f - 7*f**2 + 0. What is the units digit of k(-4)?
4
What is the units digit of (-1499)/(-3) + (-28)/(-84)?
0
Let t = -152 + 228. Suppose -t = -j - j. What is the tens digit of j?
3
What is the hundreds digit of ((-10836)/(-15))/((-415)/(-50) - 8)?
4
Let a(d) = 8*d**3 - d**2 + d. Let s be a(1). Let n = s - -95. What is the tens digit of n?
0
Suppose -6*o - 3 + 21 = 0. Suppose w = -o*w + 56. Let l = w - -12. What is the tens digit of l?
2
Suppose -14876 = 28*f - 32*f - 4*v, 2*f + v = 7443. What is the tens digit of f?
2
Suppose -5*r = -163 + 113. Suppose 155 = -9*k + r*k. What is the tens digit of k?
5
Let u = -12 + 15. Suppose l - 967 = -5*r, 0*r + 2*r - 380 = u*l. What is the units digit of r?
3
Let m(x) = x**3 + 7*x**2 + 12*x + 6. Let z be m(-5). Let b = z + 27. What is the units digit of b?
3
Let k = -5 - -13. What is the tens digit of (251 + -11)*6/k + -1?
7
Let p(m) = 2*m**2 - 14*m + 4. Suppose 7*k + 15 = -5*t + 2*k, 0 = -3*t + 5*k - 17. What is the tens digit of p(t)?
9
Let b be (2/(-4))/((-2)/(-80)). Let u = -8 - b. Let j = u + 14. What is the tens digit of j?
2
Suppose -16*h + 16993 = -23007. What is the units digit of h?
0
Let u(r) = r**2 + 6*r + 6. Suppose 3*m + 37 = -4*s, 2*s - 5*m + 1 = 2. Let n = 1 + s. What is the units digit of u(n)?
6
Let f = -54 + 167. Let p = f - -59. Suppose -5*v + 5*q = q - 233, -p = -4*v - 4*q. What is the tens digit of v?
4
What is the units digit of (-7 + 3)/((-4)/214)?
4
Let u be 0 - -4 - (6 + -22). Let y = u + -16. Suppose w - 286 = -4*w - y*j, -w + 57 = j. What is the units digit of w?
8
Let f be 66*(-5)/(90/(-6)). Suppose -4*o - 61 = 5*q, 5*q = 2*o + q + 50. Let x = f + o. What is the units digit of x?
3
Let t = 120 - 154. Suppose 4*m - 4*c - 180 = 0, -c - 56 = -3*m + 89. Let i = t + m. What is the tens digit of i?
1
Let g be ((-2)/4)/((-2)/12). Let y be (-4)/(-18) - 2472/(-54). Suppose 3*r + 4*b - 68 - 55 = 0, -r + y = g*b. What is the units digit of r?
7
Suppose -5*k = -0*k - 45. Let o(j) = j**2 - 3*j - 7. What is the units digit of o(k)?
7
Let v be 493/4 + 6/(-24). Suppose l - v = -2*l. What is the tens digit of l?
4
Suppose -5*k + 25 = 0, 0 = 4*z + 2*k - 431 - 1023. What is the hundreds digit of z?
3
Suppose -a = 5*i - 1, i + 42 = 4*a + 2*i. Suppose -a = y - 3. What is the units digit of y/(-12) + 304/12?
6
Let j(f) = 6*f. Let s be j(7). Suppose -2*h + s + 14 = 0. Suppose -5*m + h = 4*q - 35, 0 = 5*q - 4*m - 48. What is the units digit of q?
2
Suppose -4*o + 2795 = -2865. What is the hundreds digit of o?
4
Let u = 714 + 764. What is the thousands digit of u?
1
Let f(j) be the second derivative of -j**5/20 - 5*j**4/12 - 5*j**3/6 - j**2/2 + 32*j. Suppose -35 = 5*t - 10. What is the tens digit of f(t)?
2
Let k = -7 - -2. Let g(a) be the third derivative of -a**6/120 - a**5/15 - a**4/8 + 5*a**3/6 + 16*a**2. What is the units digit of g(k)?
5
Let p(u) = 28*u**2 + 3 + 22*u**2 - 35*u**2 + u + 2*u. What is the tens digit of p(-2)?
5
Let r = 15 + -11. Let h be (-6)/(-3)*(17 - 1). Suppose r*i = 2*i + h. What is the tens digit of i?
1
Let k be 2*(-8)/12*-6. Let m = k - 27. Let w = m + 39. What is the tens digit of w?
2
What is the units digit of -4*(3305/(-20) - 10)?
1
Suppose -9*v = -2*v - 245. Suppose p + 3 = v. What is the tens digit of p?
3
Let v(l) = -l**3 - 5*l - 7. Let k be v(-4). Suppose 4*w = 287 + k. What is the units digit of w?
1
Let w(x) = -x**3 - 57*x**2 + 239*x + 85. What is the tens digit of w(-62)?
8
Let t(o) = o**2 - 7*o - 16. Let r(u) = 3*u**2 - 20*u - 47. Let d(i) = -3*r(i) + 8*t(i). What is the units digit of d(5)?
8
Suppose 2*w - 586 = 3*a, 12*w = 10*w - 2*a + 586. What is the tens digit of w?
9
Let q(u) = 113*u + 262. What is the thousands digit of q(8)?
1
Let b = -26 + 24. Let l(k) = -3 + 0 + 2 - 11*k. What is the units digit of l(b)?
1
Suppose 0 = -7*q + 6*q - 2. What is the units digit of (16/56)/(q/(-154))?
2
Suppose 3*j = -4*p + 17, -3*p + 3*j = j - 17. Let f be (6/(-4))/((-3)/(-140)). What is the units digit of (f/p)/(-4 - -2)?
7
Let i be (2/3)/((-1)/(-6)). Let n = 98 - -92. Suppose -i*q - q = -n. What is the tens digit of q?
3
Suppose 3*o = 4*t + 1, 6 = 2*o - 6*o - 2*t. What is the tens digit of 1 + (-3 - -4 - 107*o)?
0
Let o(q) = -q**2 + 5*q. Let i be o(3). What is the units digit of ((-58)/i)/(3/(-9))?
9
Suppose -3 - 1 = -n. Suppose n*q + 75 = 9*q. Suppose -3*f - 60 = -3*w, -2*w + q = 3*f - 20. What is the units digit of w?
9
Suppose 5*l + 2*r - 526 = 0, -3*l + 3*r + 328 = -2*r. Let q = -4 + l. What is the units digit of q?
2
Suppose -o + 0*o = -105. Let w be (3/(18/116))/(18/(-54)). Let u = o + w. What is the units digit of u?
7
Suppose 0 = -62*j + 60*j - 3*n + 3233, -3*n - 1639 = -j. What is the hundreds digit of j?
6
Suppose -1512 = -g - 5*p, -3*p + 4*p - 6143 = -4*g. What is the hundreds digit of g?
5
Let x = 10 + -6. Suppose -12 = -x*u - 4. Suppose 1 - u = -r. What is the units digit of r?
1
Suppose -23*m + 2811 = -20*m. What is the units digit of m?
7
Suppose -3*q = -8 - 4. Suppose -q*d - 80 = -12. Let g = 42 + d. What is the tens digit of g?
2
Let j = 1688 + -719. What is the hundreds digit of j?
9
Suppose -1055 + 173 = -6*f. What is the tens digit of f?
4
Let l = 103 + -50. Let o = l - -12. What is the units digit of o?
5
Let t(j) = j**2 - 3*j - 3. Let k be t(3). Let f be k + 3*(0 - -6). What is the units digit of (f/(-9))/(25/(-30))?
2
Let a(p) = -p**3 - 2*p**2 + 8*p + 8. Let f be a(-6). Let y = f + -73. Suppose y = 4*q - 17. What is the tens digit of q?
1
What is the hundreds digit of -1*(3743 - -5)/(-4)?
9
Suppose 0 = -496*p + 502*p - 25008. What is the tens digit of p?
6
Suppose -5*s + 25 = -0*s. What is the tens digit of 4/(-10) - (-332)/s?
6
Let n(x) be the second derivative of -x**5/20 - 5*x**4/12 + 2*x**3/3 + 3*x**2/2 - x. What is the tens digit of n(-6)?
1
Suppose -7299 = -3*p + 4*k, 0 = 4*k + 4 + 8. What is the hundreds digit of p?
4
Let t = 12 + -8. Suppose t*f = -2*n + 7*f + 78, f = -2. What is the units digit of n?
6
Suppose -88 + 42 = -2*x. What is the tens digit of (x + 17)*30/4?
0
Suppose 0 = -4*i + 3*y + 3011, 0*y = -i + 5*y + 757. What is the hundreds digit of i?
7
Suppose -4*s = -2*y - 6, 2 = 3*s - 0*s - 2*y. Let v(c) = c - 9. Let b(p) = -2*p + 8. Let z(h) = -3*b(h) - 4*v(h). What is the tens digit of z(s)?
2
Let h(q) = 4*q - 15. Let u(j) = -2*j + 7. Let i(a) = -4*h(a) - 10*u(a). Suppose -x + 21 = -3*y, -x + 14 = -2*y - 2. What is the units digit of i(x)?
4
Suppose 2*m - 12 - 3 = 5*y, 3*m - 2*y - 28 = 0. Suppose -m*l = -2*l - 904. What is the hundreds digit of l?
1
What is the thousands digit of -4 + (2 - (1 - 1638))?
1
Let i be (6 - -4)/((-4)/(-50)). Suppose -41 = -j + i. What is the hundreds digit of j?
1
Suppose -k - 338 = -5*k - 2*i, -3*k = 3*i - 246. What is the tens digit of k?
8
What is the hundreds digit of 5292/6 + (-32)/(-4)?
8
Suppose 0 = 2*j + 2*q + 2, -3*j - 5*q - 12 - 1 = 0. Suppose -610 = -4*z - 50. Suppose j*m = 9*m - z. What is the tens digit of m?
2
Suppose 0 = -3*r - 4*q - q + 30, -5*r - 2*q = -31. Let f be 1 - -5*r/(-25). Suppose f*o = -4*l - 2*o + 260, o + 2 = 0. What is the tens digit of l?
6
Let q(t) = -42*t**3 - 3*t**2 - 5*t. Let o be q(-2). Suppose 0 = 4*f - o - 106. What is the hundreds digit of f?
1
What is the tens digit of (-2 - (-6 - -5)) + 13?